{"id":19587,"date":"2026-04-29T18:39:31","date_gmt":"2026-04-29T21:39:31","guid":{"rendered":"https:\/\/giocarcaminhoes.com.br\/?post_type=product&#038;p=19587"},"modified":"2026-04-29T18:47:27","modified_gmt":"2026-04-29T21:47:27","slug":"ford-f-4000-4x2","status":"publish","type":"product","link":"https:\/\/giocarcaminhoes.com.br\/?product=ford-f-4000-4x2","title":{"rendered":"FORD F 4000 4X2"},"content":{"rendered":"<h3>Opcionais<\/h3>\n<div dir=\"auto\">\n<ul>\n<li dir=\"auto\">100% estrutura original<\/li>\n<li dir=\"auto\">Far\u00f3is Super Duty<\/li>\n<li dir=\"auto\">Estribos laterais<\/li>\n<li dir=\"auto\">Mec\u00e2nica testada e aprovada<\/li>\n<li dir=\"auto\">Selos e plaquetas originais<\/li>\n<li dir=\"auto\">Bancos pra 3 passageiros<\/li>\n<li dir=\"auto\">Direc\u0327a\u0303o Hidra\u0301ulica<\/li>\n<li dir=\"auto\">Motor: Cummins 3.9 L de 4 cilindros<\/li>\n<li dir=\"auto\">Turbo<\/li>\n<li dir=\"auto\">Intercooler<\/li>\n<li dir=\"auto\">Bomba Injetora<\/li>\n<li dir=\"auto\">Cv: 120<\/li>\n<li dir=\"auto\">Transmissa\u0303o: Eaton FSO 4505 D 5 marchas<\/li>\n<li dir=\"auto\">Diferencial: Dana<\/li>\n<li dir=\"auto\">Pneus na medida 7.50 R16<\/li>\n<li dir=\"auto\">Equipada com carroceria boiadeira nas medidas:<\/li>\n<li dir=\"auto\">Comprimento: 4,20m<\/li>\n<li dir=\"auto\">Altura: 2,00m<\/li>\n<li dir=\"auto\">Largura: 2,20m<\/li>\n<li dir=\"auto\">Gradil<\/li>\n<li dir=\"auto\">Carroceria com engates r\u00e1pidos<\/li>\n<li dir=\"auto\">Possui tampa traseira pra deixar grade baixa<\/li>\n<\/ul>\n<\/div>\n<h3>Mais Informa\u00e7\u00f5es<\/h3>\n<p>***R$ 148.000,00 \u00e0 vista ou R$ sob consulta pra receber troca.***<\/p>\n<ul>\n<li><span id=\"j_id_jsp_294599825_1:obs\">Entre em contato que ser\u00e1 uma satisfa\u00e7\u00e3o atend\u00ea-lo!! <\/span><\/li>\n<li><span id=\"j_id_jsp_294599825_1:obs\">Vivo e Whats (46) 99115-3128 Fixo (46) 3223-1122<\/span><\/li>\n<\/ul>\n","protected":false},"excerpt":{"rendered":"<p>FORD F 4000 4&#215;2 Ano: 1999 &#8211; 1999 Placa: CSQ-***7 &#8211; PR Km: 284.063 Combust\u00edvel: Diesel<\/p>\n","protected":false},"featured_media":19591,"template":"","meta":{"inline_featured_image":false},"product_brand":[],"product_cat":[59,48],"product_tag":[475,329,328],"class_list":{"0":"post-19587","1":"product","2":"type-product","3":"status-publish","4":"has-post-thumbnail","6":"product_cat-3-4","7":"product_cat-caminhoes","8":"product_tag-475","9":"product_tag-boiadeira","10":"product_tag-f-4000","12":"first","13":"instock","14":"shipping-taxable","15":"purchasable","16":"product-type-simple","17":"thumb-has-effect","18":"prod-rating-on"},"_links":{"self":[{"href":"https:\/\/giocarcaminhoes.com.br\/index.php?rest_route=\/wp\/v2\/product\/19587","targetHints":{"allow":["GET"]}}],"collection":[{"href":"https:\/\/giocarcaminhoes.com.br\/index.php?rest_route=\/wp\/v2\/product"}],"about":[{"href":"https:\/\/giocarcaminhoes.com.br\/index.php?rest_route=\/wp\/v2\/types\/product"}],"wp:featuredmedia":[{"embeddable":true,"href":"https:\/\/giocarcaminhoes.com.br\/index.php?rest_route=\/wp\/v2\/media\/19591"}],"wp:attachment":[{"href":"https:\/\/giocarcaminhoes.com.br\/index.php?rest_route=%2Fwp%2Fv2%2Fmedia&parent=19587"}],"wp:term":[{"taxonomy":"product_brand","embeddable":true,"href":"https:\/\/giocarcaminhoes.com.br\/index.php?rest_route=%2Fwp%2Fv2%2Fproduct_brand&post=19587"},{"taxonomy":"product_cat","embeddable":true,"href":"https:\/\/giocarcaminhoes.com.br\/index.php?rest_route=%2Fwp%2Fv2%2Fproduct_cat&post=19587"},{"taxonomy":"product_tag","embeddable":true,"href":"https:\/\/giocarcaminhoes.com.br\/index.php?rest_route=%2Fwp%2Fv2%2Fproduct_tag&post=19587"}],"curies":[{"name":"wp","href":"https:\/\/api.w.org\/{rel}","templated":true}]}}