{"id":19299,"date":"2026-02-19T17:03:28","date_gmt":"2026-02-19T20:03:28","guid":{"rendered":"https:\/\/giocarcaminhoes.com.br\/?post_type=product&#038;p=19299"},"modified":"2026-02-19T17:36:19","modified_gmt":"2026-02-19T20:36:19","slug":"volvo-vm-260-leito-6x2","status":"publish","type":"product","link":"https:\/\/giocarcaminhoes.com.br\/?product=volvo-vm-260-leito-6x2","title":{"rendered":"VOLVO VM 260 LEITO 6X2"},"content":{"rendered":"<h3>Opcionais<\/h3>\n<div dir=\"auto\">\n<ul>\n<li dir=\"auto\">Km original<\/li>\n<li dir=\"auto\">Todas as plaquetas originais de f\u00e1brica<\/li>\n<li dir=\"auto\">Selos originais<\/li>\n<li dir=\"auto\">Estrutural e quadros de portas lacrados<\/li>\n<li dir=\"auto\">Estofamento com sof\u00e1 cama<\/li>\n<li dir=\"auto\">Banco a ar<\/li>\n<li dir=\"auto\">Tapec\u0327aria na cor cinza<\/li>\n<li dir=\"auto\">Parachoque e paralamas personalizados na cor da cabine<\/li>\n<li dir=\"auto\">El\u00e9trica revisada<\/li>\n<li dir=\"auto\">Direc\u0327a\u0303o Hidra\u0301ulica<\/li>\n<li dir=\"auto\">Interclima<\/li>\n<li dir=\"auto\">Freios a\u0300 Ar<\/li>\n<li dir=\"auto\">Freios regulados<\/li>\n<li dir=\"auto\">Estaciona\u0301rio a\u0300 Ar<\/li>\n<li dir=\"auto\">Freio Motor<\/li>\n<li dir=\"auto\">Liso de chassi<\/li>\n<li dir=\"auto\">Chassi duplo<\/li>\n<li dir=\"auto\">Suspensor no eixo do truck<\/li>\n<li dir=\"auto\">Motor: MWM 6 cilindros<\/li>\n<li dir=\"auto\">Turbo<\/li>\n<li dir=\"auto\">Intercooler<\/li>\n<li dir=\"auto\">Cv: 260<\/li>\n<li dir=\"auto\">Caixa: Eaton 6 marchas<\/li>\n<li dir=\"auto\">Diferencial: Me\u0301ritor<\/li>\n<li dir=\"auto\">Reduzido<\/li>\n<li dir=\"auto\">N\u00e3o precisa de arla<\/li>\n<li dir=\"auto\">Pneus 275\/80 R22.5 sem c\u00e2mera<\/li>\n<li dir=\"auto\">Carroceria graneleira nas medidas:<\/li>\n<li dir=\"auto\">Comprimento: 8,30m<\/li>\n<li dir=\"auto\">Altura: 1,20m<\/li>\n<li dir=\"auto\">Largura: 2,50m<\/li>\n<\/ul>\n<\/div>\n<h3>Mais Informa\u00e7\u00f5es<\/h3>\n<p>***Neste m\u00eas de carnaval, esse VOLV\u00c3O est\u00e1 em OFERTA DE REPASSE abaixo do valor de mercado sem garantia de R$ 260.000 por R$ 225.000 a vista ou R$ 235.000 para receber troca.***<\/p>\n<ul>\n<li><span id=\"j_id_jsp_294599825_1:obs\">Entre em contato que ser\u00e1 uma satisfa\u00e7\u00e3o atend\u00ea-lo!! <\/span><\/li>\n<li><span id=\"j_id_jsp_294599825_1:obs\">Vivo e Whats (46) 99115-3136 Fixo (46) 3223-1122<\/span><\/li>\n<\/ul>\n<a class=\"btn-whats-giocar\" href=\"#\" target=\"_blank\" rel=\"noopener nofollow\"\r\n   style=\"display:inline-block;background:#00006a;color:#fff;padding:12px 18px;border-radius:4px;font-weight:600;text-decoration:none\">\r\n  ENVIAR PROPOSTA DE COMPRA OU TROCA\r\n<\/a>\r\n<script>\r\n(function(){\r\n  var phone = \"5546991153136\";\r\n  var title = document.querySelector(\"h1.product_title,.product_title\")?.textContent?.trim() || document.title;\r\n  var msg = \"Ol\u00e1 pessoal da Giocar, tenho interesse no ve\u00edculo: \" + title + \" \" + location.href;\r\n  var wa  = \"https:\/\/api.whatsapp.com\/send?phone=\" + phone + \"&text=\" + encodeURIComponent(msg);\r\n  document.querySelectorAll(\".btn-whats-giocar\").forEach(function(btn){\r\n    btn.href = wa;\r\n  });\r\n})();\r\n<\/script>\r\n\n<p>&nbsp;<\/p>\n<div id=\"gtx-trans\" style=\"position: absolute;left: 807px;top: 993.643px\">\n<div class=\"gtx-trans-icon\"><\/div>\n<\/div>\n","protected":false},"excerpt":{"rendered":"<p>VOLVO VM 260 6&#215;2 Ano: 2011-2011 Placa: MMB-***9 &#8211; PR Km: 670.478 Combust\u00edvel: Diesel [sc name=\"whatsapp\"][\/sc]<\/p>\n","protected":false},"featured_media":19301,"template":"","meta":{"inline_featured_image":false},"product_brand":[],"product_cat":[48,60],"product_tag":[154,270,209,114],"class_list":{"0":"post-19299","1":"product","2":"type-product","3":"status-publish","4":"has-post-thumbnail","6":"product_cat-caminhoes","7":"product_cat-truck","8":"product_tag-granel","9":"product_tag-leito","10":"product_tag-truck","11":"product_tag-volvo","13":"first","14":"instock","15":"sale","16":"shipping-taxable","17":"purchasable","18":"product-type-simple","19":"thumb-has-effect","20":"prod-rating-on"},"_links":{"self":[{"href":"https:\/\/giocarcaminhoes.com.br\/index.php?rest_route=\/wp\/v2\/product\/19299","targetHints":{"allow":["GET"]}}],"collection":[{"href":"https:\/\/giocarcaminhoes.com.br\/index.php?rest_route=\/wp\/v2\/product"}],"about":[{"href":"https:\/\/giocarcaminhoes.com.br\/index.php?rest_route=\/wp\/v2\/types\/product"}],"wp:featuredmedia":[{"embeddable":true,"href":"https:\/\/giocarcaminhoes.com.br\/index.php?rest_route=\/wp\/v2\/media\/19301"}],"wp:attachment":[{"href":"https:\/\/giocarcaminhoes.com.br\/index.php?rest_route=%2Fwp%2Fv2%2Fmedia&parent=19299"}],"wp:term":[{"taxonomy":"product_brand","embeddable":true,"href":"https:\/\/giocarcaminhoes.com.br\/index.php?rest_route=%2Fwp%2Fv2%2Fproduct_brand&post=19299"},{"taxonomy":"product_cat","embeddable":true,"href":"https:\/\/giocarcaminhoes.com.br\/index.php?rest_route=%2Fwp%2Fv2%2Fproduct_cat&post=19299"},{"taxonomy":"product_tag","embeddable":true,"href":"https:\/\/giocarcaminhoes.com.br\/index.php?rest_route=%2Fwp%2Fv2%2Fproduct_tag&post=19299"}],"curies":[{"name":"wp","href":"https:\/\/api.w.org\/{rel}","templated":true}]}}