{"id":18465,"date":"2025-08-29T19:41:17","date_gmt":"2025-08-29T22:41:17","guid":{"rendered":"https:\/\/giocarcaminhoes.com.br\/?post_type=product&#038;p=18465"},"modified":"2025-08-29T19:47:08","modified_gmt":"2025-08-29T22:47:08","slug":"mb-l-1518-6x2-graneleiro","status":"publish","type":"product","link":"https:\/\/giocarcaminhoes.com.br\/?product=mb-l-1518-6x2-graneleiro","title":{"rendered":"MB L 1518 6X2 GRANELEIRO"},"content":{"rendered":"<h3>Opcionais<\/h3>\n<div dir=\"auto\">\n<ul>\n<li dir=\"auto\">Restaurado 100%<\/li>\n<li dir=\"auto\">Motor feito completo com garantia<\/li>\n<li dir=\"auto\">Investido R$ 40.000 na ret\u00edfica e pe\u00e7as<\/li>\n<li dir=\"auto\">Laudo cautelar com agregados<\/li>\n<li dir=\"auto\">Plaquetas de alum\u00ednio originais<\/li>\n<li dir=\"auto\">Sof\u00e1 cama<\/li>\n<li dir=\"auto\">Maleiro<\/li>\n<li dir=\"auto\">Console de teto com som<\/li>\n<li dir=\"auto\">Direc\u0327a\u0303o Hidra\u0301ulica<\/li>\n<li dir=\"auto\">Freios a\u0300 Ar<\/li>\n<li dir=\"auto\">Estaciona\u0301rio a\u0300 Ar<\/li>\n<li dir=\"auto\">Freio motor<\/li>\n<li dir=\"auto\">Truck balanceira<\/li>\n<li dir=\"auto\">Chassi duplo<\/li>\n<li dir=\"auto\">Suspensor a ar pra erguer eixo do Truck<\/li>\n<li dir=\"auto\">Motor: Mercedes OM352A<\/li>\n<li dir=\"auto\">Turbo de f\u00e1brica<\/li>\n<li dir=\"auto\">Cv: 180<\/li>\n<li dir=\"auto\">Bomba injetora<\/li>\n<li dir=\"auto\">C\u00e2mbio: MB 5 marchas<\/li>\n<li dir=\"auto\">Diferencial Rockweel Reduzido<\/li>\n<li dir=\"auto\">Pneus 275\/80 R22.5 sem c\u00e2mara<\/li>\n<li dir=\"auto\">Equipado com carroceria granel nas medidas:<\/li>\n<li dir=\"auto\">Comprimento: 7,80m<\/li>\n<li dir=\"auto\">Altura: 1,40m<\/li>\n<li dir=\"auto\">Largura: 2,60m<\/li>\n<li dir=\"auto\">Carroceria com estrutura de ferro<\/li>\n<\/ul>\n<\/div>\n<h3>Mais Informa\u00e7\u00f5es<\/h3>\n<p>***R$ 179.900,00 \u00e0 vista ou R$ sob consulta pra receber troca.***<\/p>\n<ul>\n<li><span id=\"j_id_jsp_294599825_1:obs\">Entre em contato que ser\u00e1 uma satisfa\u00e7\u00e3o atend\u00ea-lo!! <\/span><\/li>\n<li><span id=\"j_id_jsp_294599825_1:obs\">Vivo e Whats (46) 99115-3136 Fixo (46) 3223-1122<\/span><\/li>\n<\/ul>\n<a class=\"btn-whats-giocar\" href=\"#\" target=\"_blank\" rel=\"noopener nofollow\"\r\n   style=\"display:inline-block;background:#00006a;color:#fff;padding:12px 18px;border-radius:4px;font-weight:600;text-decoration:none\">\r\n  ENVIAR PROPOSTA DE COMPRA OU TROCA\r\n<\/a>\r\n<script>\r\n(function(){\r\n  var phone = \"5546991153136\";\r\n  var title = document.querySelector(\"h1.product_title,.product_title\")?.textContent?.trim() || document.title;\r\n  var msg = \"Ol\u00e1 pessoal da Giocar, tenho interesse no ve\u00edculo: \" + title + \" \" + location.href;\r\n  var wa  = \"https:\/\/api.whatsapp.com\/send?phone=\" + phone + \"&text=\" + encodeURIComponent(msg);\r\n  document.querySelectorAll(\".btn-whats-giocar\").forEach(function(btn){\r\n    btn.href = wa;\r\n  });\r\n})();\r\n<\/script>\r\n\n<p>&nbsp;<\/p>\n<div id=\"gtx-trans\" style=\"position: absolute;left: 807px;top: 993.643px\">\n<div class=\"gtx-trans-icon\"><\/div>\n<\/div>\n","protected":false},"excerpt":{"rendered":"<p>MB L 1518 6&#215;2 Ano: 1988-1988 Placa: JLD-***7 &#8211; PR Km: 105.549 Combust\u00edvel: Diesel [sc name=\"whatsapp\"][\/sc]<\/p>\n","protected":false},"featured_media":18469,"template":"","meta":{"inline_featured_image":false},"product_brand":[],"product_cat":[48,60],"product_tag":[165,224,154,452,85,307,209],"class_list":{"0":"post-18465","1":"product","2":"type-product","3":"status-publish","4":"has-post-thumbnail","6":"product_cat-caminhoes","7":"product_cat-truck","8":"product_tag-165","9":"product_tag-carroceria","10":"product_tag-granel","11":"product_tag-graneleira","12":"product_tag-mb","13":"product_tag-reduzido","14":"product_tag-truck","16":"first","17":"instock","18":"shipping-taxable","19":"purchasable","20":"product-type-simple","21":"thumb-has-effect","22":"prod-rating-on"},"_links":{"self":[{"href":"https:\/\/giocarcaminhoes.com.br\/index.php?rest_route=\/wp\/v2\/product\/18465","targetHints":{"allow":["GET"]}}],"collection":[{"href":"https:\/\/giocarcaminhoes.com.br\/index.php?rest_route=\/wp\/v2\/product"}],"about":[{"href":"https:\/\/giocarcaminhoes.com.br\/index.php?rest_route=\/wp\/v2\/types\/product"}],"wp:featuredmedia":[{"embeddable":true,"href":"https:\/\/giocarcaminhoes.com.br\/index.php?rest_route=\/wp\/v2\/media\/18469"}],"wp:attachment":[{"href":"https:\/\/giocarcaminhoes.com.br\/index.php?rest_route=%2Fwp%2Fv2%2Fmedia&parent=18465"}],"wp:term":[{"taxonomy":"product_brand","embeddable":true,"href":"https:\/\/giocarcaminhoes.com.br\/index.php?rest_route=%2Fwp%2Fv2%2Fproduct_brand&post=18465"},{"taxonomy":"product_cat","embeddable":true,"href":"https:\/\/giocarcaminhoes.com.br\/index.php?rest_route=%2Fwp%2Fv2%2Fproduct_cat&post=18465"},{"taxonomy":"product_tag","embeddable":true,"href":"https:\/\/giocarcaminhoes.com.br\/index.php?rest_route=%2Fwp%2Fv2%2Fproduct_tag&post=18465"}],"curies":[{"name":"wp","href":"https:\/\/api.w.org\/{rel}","templated":true}]}}