{"id":17069,"date":"2025-01-30T21:00:28","date_gmt":"2025-01-30T21:00:28","guid":{"rendered":"https:\/\/giocarcaminhoes.com.br\/?post_type=product&#038;p=17069"},"modified":"2026-01-06T19:37:37","modified_gmt":"2026-01-06T22:37:37","slug":"vw-24250-constellation-granel","status":"publish","type":"product","link":"https:\/\/giocarcaminhoes.com.br\/?product=vw-24250-constellation-granel","title":{"rendered":"VW 24250 CONSTELLATION GRANEL"},"content":{"rendered":"<h3>Opcionais<\/h3>\n<div dir=\"auto\">\n<ul>\n<li dir=\"auto\">Unidades testadas<\/li>\n<li dir=\"auto\">Quadros de portas originais<\/li>\n<li dir=\"auto\">Plaquetas originais<\/li>\n<li dir=\"auto\">Selos originais de f\u00e1brica<\/li>\n<li dir=\"auto\">Interclima<\/li>\n<li dir=\"auto\">Freio Motor<\/li>\n<li dir=\"auto\">Sofa\u0301 cama grande novo<\/li>\n<li dir=\"auto\">Configura\u00e7\u00e3o em cour\u00edssimo cinza<\/li>\n<li dir=\"auto\">Tapete novo em marmoreio cinza<\/li>\n<li dir=\"auto\">Suspens\u00e3o conservada<\/li>\n<li dir=\"auto\">Liso de chassi capa dupla original<\/li>\n<li dir=\"auto\">Suspensor pra levantar o eixo do truck<\/li>\n<li dir=\"auto\">Motor: Cummins Interact 6 cilindros<\/li>\n<li dir=\"auto\">Turbo<\/li>\n<li dir=\"auto\">Intercooler<\/li>\n<li dir=\"auto\">N\u00e3o usa arla<\/li>\n<li dir=\"auto\">Cv: 250<\/li>\n<li dir=\"auto\">Transmissa\u0303o: Eaton FS-6306B 6 marchas<\/li>\n<li dir=\"auto\">Diferencial: Me\u0301ritor MS 23-145<\/li>\n<li dir=\"auto\">Reduzido<\/li>\n<li dir=\"auto\">Pneus 275\/80 R22.5 sem c\u00e2mera<\/li>\n<li dir=\"auto\">CMT: 35.000<\/li>\n<li dir=\"auto\">Equipado com carroceria granel nova nas medidas:<\/li>\n<li dir=\"auto\">Comprimento: 8,50m<\/li>\n<li dir=\"auto\">Altura: 1,40m<\/li>\n<li dir=\"auto\">Largura: 2,50m<\/li>\n<li dir=\"auto\">Transportava ba\u00fa carga seca (instalamos granel nova agora)<\/li>\n<li dir=\"auto\">Entre eixo: 5,20m<\/li>\n<\/ul>\n<\/div>\n<h3>Mais Informa\u00e7\u00f5es<\/h3>\n<p>***R$ 287.000,00 \u00e0 vista ou R$ sob consulta pra receber troca***<\/p>\n<ul>\n<li><span id=\"j_id_jsp_294599825_1:obs\">Entre em contato que ser\u00e1 uma satisfa\u00e7\u00e3o atend\u00ea-lo!! <\/span><\/li>\n<li><span id=\"j_id_jsp_294599825_1:obs\">Vivo e Whats (46) 99115-3136 Fixo (46) 3223-1122<\/span><\/li>\n<\/ul>\n<a class=\"btn-whats-giocar\" href=\"#\" target=\"_blank\" rel=\"noopener nofollow\"\r\n   style=\"display:inline-block;background:#00006a;color:#fff;padding:12px 18px;border-radius:4px;font-weight:600;text-decoration:none\">\r\n  ENVIAR PROPOSTA DE COMPRA OU TROCA\r\n<\/a>\r\n<script>\r\n(function(){\r\n  var phone = \"5546991153136\";\r\n  var title = document.querySelector(\"h1.product_title,.product_title\")?.textContent?.trim() || document.title;\r\n  var msg = \"Ol\u00e1 pessoal da Giocar, tenho interesse no ve\u00edculo: \" + title + \" \" + location.href;\r\n  var wa  = \"https:\/\/api.whatsapp.com\/send?phone=\" + phone + \"&text=\" + encodeURIComponent(msg);\r\n  document.querySelectorAll(\".btn-whats-giocar\").forEach(function(btn){\r\n    btn.href = wa;\r\n  });\r\n})();\r\n<\/script>\r\n\n<p>&nbsp;<\/p>\n","protected":false},"excerpt":{"rendered":"<p>VW 24.250 CONSTELLATION 6&#215;2 Ano: 2010 &#8211; 2010 Placa: NVW-***1 Km: 1.037.620 Motor feito e revisado a toda prova Combust\u00edvel:&hellip;<\/p>\n","protected":false},"featured_media":17071,"template":"","meta":{"inline_featured_image":false},"product_brand":[],"product_cat":[48,60],"product_tag":[170,171,74,154,209],"class_list":{"0":"post-17069","1":"product","2":"type-product","3":"status-publish","4":"has-post-thumbnail","6":"product_cat-caminhoes","7":"product_cat-truck","8":"product_tag-24-250","9":"product_tag-171","10":"product_tag-constellation","11":"product_tag-granel","12":"product_tag-truck","14":"first","15":"instock","16":"shipping-taxable","17":"purchasable","18":"product-type-simple","19":"thumb-has-effect","20":"prod-rating-on"},"_links":{"self":[{"href":"https:\/\/giocarcaminhoes.com.br\/index.php?rest_route=\/wp\/v2\/product\/17069","targetHints":{"allow":["GET"]}}],"collection":[{"href":"https:\/\/giocarcaminhoes.com.br\/index.php?rest_route=\/wp\/v2\/product"}],"about":[{"href":"https:\/\/giocarcaminhoes.com.br\/index.php?rest_route=\/wp\/v2\/types\/product"}],"wp:featuredmedia":[{"embeddable":true,"href":"https:\/\/giocarcaminhoes.com.br\/index.php?rest_route=\/wp\/v2\/media\/17071"}],"wp:attachment":[{"href":"https:\/\/giocarcaminhoes.com.br\/index.php?rest_route=%2Fwp%2Fv2%2Fmedia&parent=17069"}],"wp:term":[{"taxonomy":"product_brand","embeddable":true,"href":"https:\/\/giocarcaminhoes.com.br\/index.php?rest_route=%2Fwp%2Fv2%2Fproduct_brand&post=17069"},{"taxonomy":"product_cat","embeddable":true,"href":"https:\/\/giocarcaminhoes.com.br\/index.php?rest_route=%2Fwp%2Fv2%2Fproduct_cat&post=17069"},{"taxonomy":"product_tag","embeddable":true,"href":"https:\/\/giocarcaminhoes.com.br\/index.php?rest_route=%2Fwp%2Fv2%2Fproduct_tag&post=17069"}],"curies":[{"name":"wp","href":"https:\/\/api.w.org\/{rel}","templated":true}]}}